533741.
3, 6511247
List the prime factors of 3419566.
2, 1709783
What are the prime factors of 254077?
41, 6197
What are the prime factors of 820675?
5, 17, 1931
List the prime factors of 2470584.
2, 3, 311, 331
List the prime factors of 2507766.
2, 3, 417961
List the prime factors of 261029.
29, 9001
What are the prime factors of 1679762?
2, 7, 119983
List the prime factors of 2745.
3, 5, 61
What are the prime factors of 13721258?
2, 1429, 4801
What are the prime factors of 7661921?
19, 23, 89, 197
What are the prime factors of 2886067?
2886067
What are the prime factors of 187634?
2, 23, 4079
What are the prime factors of 13833195?
3, 5, 41, 83, 271
What are the prime factors of 6371446?
2, 3185723
List the prime factors of 8856404.
2, 2214101
List the prime factors of 577898.
2, 17, 23, 739
What are the prime factors of 463743?
3, 7, 17, 433
What are the prime factors of 213762?
2, 3, 23, 1549
What are the prime factors of 584425?
5, 97, 241
What are the prime factors of 705157?
23, 31, 43
What are the prime factors of 1361568?
2, 3, 13, 1091
List the prime factors of 2620133.
61, 42953
What are the prime factors of 122733?
3, 13, 1049
List the prime factors of 169259.
169259
What are the prime factors of 703465?
5, 7, 101, 199
List the prime factors of 685932.
2, 3, 13, 4397
What are the prime factors of 34557?
3, 11519
What are the prime factors of 1113961?
1113961
List the prime factors of 17136.
2, 3, 7, 17
What are the prime factors of 11765803?
7, 67, 25087
List the prime factors of 10126414.
2, 43, 73, 1613
What are the prime factors of 5439102?
2, 3, 906517
List the prime factors of 10977454.
2, 193, 28439
What are the prime factors of 76005?
3, 5, 563
What are the prime factors of 11082952?
2, 1385369
What are the prime factors of 350985?
3, 5, 23399
List the prime factors of 211938.
2, 3, 35323
List the prime factors of 1256020.
2, 5, 62801
What are the prime factors of 328500?
2, 3, 5, 73
What are the prime factors of 8890899?
3, 317, 9349
What are the prime factors of 148865?
5, 19, 1567
What are the prime factors of 17667350?
2, 5, 229, 1543
List the prime factors of 1130315.
5, 226063
List the prime factors of 375781.
7, 7669
What are the prime factors of 320835?
3, 5, 73, 293
List the prime factors of 639192.
2, 3, 26633
What are the prime factors of 214277?
7, 4373
What are the prime factors of 1176236?
2, 294059
List the prime factors of 120529.
43, 2803
What are the prime factors of 1145454?
2, 3, 190909
What are the prime factors of 1492952?
2, 186619
List the prime factors of 272646.
2, 3, 11, 17
List the prime factors of 868941.
3, 32183
List the prime factors of 2534934.
2, 3, 271, 1559
List the prime factors of 2691723.
3, 897241
List the prime factors of 10882363.
17, 640139
List the prime factors of 49372.
2, 12343
List the prime factors of 2793150.
2, 3, 5, 2069
What are the prime factors of 858753?
3, 7, 43, 317
What are the prime factors of 3013933?
13, 231841
What are the prime factors of 107957?
89, 1213
What are the prime factors of 784246?
2, 191, 2053
What are the prime factors of 349493?
349493
List the prime factors of 2723152.
2, 170197
What are the prime factors of 4698356?
2, 13, 90353
What are the prime factors of 1498975?
5, 17, 3527
What are the prime factors of 435187?
435187
What are the prime factors of 2197320?
2, 3, 5, 18311
What are the prime factors of 629890?
2, 5, 62989
List the prime factors of 778585.
5, 155717
What are the prime factors of 593115?
3, 5, 39541
What are the prime factors of 11084821?
11, 1007711
List the prime factors of 891594.
2, 3, 11, 19, 79
What are the prime factors of 14055676?
2, 1663, 2113
List the prime factors of 232465.
5, 19, 2447
What are the prime factors of 893777?
893777
What are the prime factors of 2665026?
2, 3, 7, 13, 1627
What are the prime factors of 498099?
3, 7, 23719
List the prime factors of 28379548.
2, 7094887
What are the prime factors of 34456?
2, 59, 73
What are the prime factors of 1453896?
2, 3, 53, 127
List the prime factors of 3281729.
11, 298339
What are the prime factors of 539181?
3, 139, 431
What are the prime factors of 2449157?
19, 128903
List the prime factors of 525573.
3, 23, 2539
What are the prime factors of 15684650?
2, 5, 29, 373
List the prime factors of 259680.
2, 3, 5, 541
What are the prime factors of 218589?
3, 7, 1487
What are the prime factors of 1086946?
2, 7, 17, 4567
List the prime factors of 6153484.
2, 997, 1543
List the prime factors of 11845299.
3, 23, 171671
What are the prime factors of 1627840?
2, 5, 5087
What are the prime factors of 69110?
2, 5, 6911
List the prime factors of 304608.
2, 3, 19, 167
List the prime factors of 274398.
2, 3, 19, 29, 83
List the prime factors of 72511.
59, 1229
What are the prime factors of 28939557?
3, 2917, 3307
What are the prime factors of 1769256?
2, 3, 8191
What are the prime factors of 1090257?
3, 7, 193, 269
What are the prime factors of 14572790?
2, 5, 29, 31, 1621
What are the prime factors of 201341?
7, 587
What are the prime factors of 194640?
2, 3, 5, 811
List the prime factors of 284551.
284551
What are the prime factors of 112868?
2, 7, 29, 139
What are the prime factors of 13540362?
2, 3, 11, 205157
List the prime factors of 2991465.
3, 5, 22159
What are the prime factors of 6638067?
3, 737563
List the prime factors of 2564147.
2564147
List the prime factors of 510301.
11, 23, 2017
What are the prime factors of 20904546?
2, 3, 13, 83, 3229
List the prime factors of 88614.
2, 3, 547
What are the prime factors of 497540?
2, 5, 24877
What are the prime factors of 16882023?
3, 23, 244667
What are the prime factors of 3346?
2, 7, 239
List the prime factors of 333358.
2, 166679
What are the prime factors of 7099198?
2, 19, 227, 823
What are the prime factors of 1264759?
43, 67, 439
List the prime factors of 714867.
3, 17, 107, 131
What are the prime factors of 57151?
67, 853
List the prime factors of 25325531.
7, 11, 67, 4909
What are the prime factors of 642974?
2, 17, 18911
List the prime factors of 22328.
2, 2791
What are the prime factors of 1528625?
5, 7, 1747
List the prime factors of 1621143.
3, 43, 59, 71
What are the prime factors of 264897?
3, 9811
What are the prime factors of 920494?
2, 460247
What are the prime factors of 10806174?
2, 3, 19, 1663
What are the prime factors of 2396022?
2, 3, 241, 1657
What are the prime factors of 5400080?
2, 5, 7, 9643
What are the prime factors of 7914750?
2, 3, 5, 61, 173
List the prime factors of 6549624.
2, 3, 17, 5351
What are the prime factors of 1018101?
3, 7, 48481
List the prime factors of 1714525.
5, 68581
What are the prime factors of 11241207?
3, 223, 1867
What are the prime factors of 10990780?
2, 5, 23, 23893
List the prime factors of 1463.
7, 11, 19
List the prime factors of 6026010.
2, 3, 5, 200867
What are the prime factors of 1867317?
3, 337, 1847
What are the prime factors of 180609?
3, 11, 13, 421
What are the prime factors of 3911995?
5, 59, 89, 149
List the prime factors of 686348.
2, 13, 67, 197
What are the prime factors of 574418?
2, 13, 22093
List the prime factors of 213359.
213359
List the prime factors of 307058.
2, 153529
What are the prime factors of 19047991?
223, 229, 373
What are the prime factors of 32016027?
3, 641, 16649
List the prime factors of 615354.
2, 3, 102559
What are the prime factors of 559863?
3, 62207
List the prime factors of 393442.
2, 7, 157, 179
List the prime factors of 20652326.
2, 10326163
What are the prime factors of 16634976?
2, 3, 17, 10193
What are the prime factors of 391129?
79, 4951
List the prime factors of 694596.
2, 3, 7, 8269
What are the prime factors of 9398180?
2, 5, 11, 42719
What are the prime factors of 2510824?
2, 313853
List the prime factors of 550191.
3, 183397
What are the prime factors of 8888333?
19, 677, 691
List the prime factors of 3016671.
3, 7, 143651
What are the prime factors of 5095237?
7, 727891
What are the prime factors of 14185901?
29, 59, 8291
List the prime factors of 779566.
2, 389783
List the prime factors of 947055.
3, 5, 19, 3323
List the prime factors of 542695.
5, 311, 349
What are the prime factors of 570045?
3, 5, 7, 61, 89
What are the prime factors of 45195?
3, 5, 23, 131
What are the prime factors of 2080771?
7, 11